{"id":3783,"date":"2023-12-03T16:01:47","date_gmt":"2023-12-03T21:01:47","guid":{"rendered":"https:\/\/zanettimuebles.com\/?post_type=product&#038;p=3783"},"modified":"2023-12-15T10:42:14","modified_gmt":"2023-12-15T15:42:14","slug":"mauritania","status":"publish","type":"product","link":"https:\/\/zanettimuebles.com\/index.php\/product\/mauritania\/","title":{"rendered":"MAURITANIA"},"content":{"rendered":"<p>SOF\u00c1 MAURITANIA<\/p>\n<p>Largo: 210cm<\/p>\n<p>Alto: 80 cm<\/p>\n<p>Fondo: 90 cm<\/p>\n<p>Tapicer\u00eda: Tela Lafayette, cuero natural, sint\u00e9tico<\/p>\n<p>3 puestos, 2.5 puestos, 2 puestos, 1 puesto poltrona<\/p>\n","protected":false},"excerpt":{"rendered":"<p>SOF\u00c1 MAURITANIA Largo: 210cm Alto: 80 cm Fondo: 90 cm Tapicer\u00eda: Tela Lafayette, cuero natural, sint\u00e9tico 3 puestos, 2.5 puestos, 2 puestos, 1 puesto poltrona<\/p>\n","protected":false},"featured_media":3784,"comment_status":"open","ping_status":"closed","template":"","meta":{"_joinchat":[]},"product_cat":[77],"product_tag":[68,83,78,70],"class_list":["post-3783","product","type-product","status-publish","has-post-thumbnail","hentry","product_cat-sofas","product_tag-cuero","product_tag-lafayette","product_tag-sofa","product_tag-tela"],"_links":{"self":[{"href":"https:\/\/zanettimuebles.com\/index.php\/wp-json\/wp\/v2\/product\/3783","targetHints":{"allow":["GET"]}}],"collection":[{"href":"https:\/\/zanettimuebles.com\/index.php\/wp-json\/wp\/v2\/product"}],"about":[{"href":"https:\/\/zanettimuebles.com\/index.php\/wp-json\/wp\/v2\/types\/product"}],"replies":[{"embeddable":true,"href":"https:\/\/zanettimuebles.com\/index.php\/wp-json\/wp\/v2\/comments?post=3783"}],"wp:featuredmedia":[{"embeddable":true,"href":"https:\/\/zanettimuebles.com\/index.php\/wp-json\/wp\/v2\/media\/3784"}],"wp:attachment":[{"href":"https:\/\/zanettimuebles.com\/index.php\/wp-json\/wp\/v2\/media?parent=3783"}],"wp:term":[{"taxonomy":"product_cat","embeddable":true,"href":"https:\/\/zanettimuebles.com\/index.php\/wp-json\/wp\/v2\/product_cat?post=3783"},{"taxonomy":"product_tag","embeddable":true,"href":"https:\/\/zanettimuebles.com\/index.php\/wp-json\/wp\/v2\/product_tag?post=3783"}],"curies":[{"name":"wp","href":"https:\/\/api.w.org\/{rel}","templated":true}]}}