{"id":3737,"date":"2023-12-03T15:32:38","date_gmt":"2023-12-03T20:32:38","guid":{"rendered":"https:\/\/zanettimuebles.com\/?post_type=product&#038;p=3737"},"modified":"2023-12-04T14:52:48","modified_gmt":"2023-12-04T19:52:48","slug":"siracusa","status":"publish","type":"product","link":"https:\/\/zanettimuebles.com\/index.php\/product\/siracusa\/","title":{"rendered":"SIRACUSA"},"content":{"rendered":"<p>SOF\u00c1 SIRACUSA<\/p>\n<p>Largo: 190cm<\/p>\n<p>Alto: 82 cm<\/p>\n<p>Fondo: 90 cm<\/p>\n<p>Tapicer\u00eda: Tela Lafayette, cuero natural, sint\u00e9tico<\/p>\n","protected":false},"excerpt":{"rendered":"<p>SOF\u00c1 SIRACUSA Largo: 190cm Alto: 82 cm Fondo: 90 cm Tapicer\u00eda: Tela Lafayette, cuero natural, sint\u00e9tico<\/p>\n","protected":false},"featured_media":3738,"comment_status":"open","ping_status":"closed","template":"","meta":{"_joinchat":[]},"product_cat":[77],"product_tag":[68,83,78],"class_list":["post-3737","product","type-product","status-publish","has-post-thumbnail","hentry","product_cat-sofas","product_tag-cuero","product_tag-lafayette","product_tag-sofa"],"_links":{"self":[{"href":"https:\/\/zanettimuebles.com\/index.php\/wp-json\/wp\/v2\/product\/3737","targetHints":{"allow":["GET"]}}],"collection":[{"href":"https:\/\/zanettimuebles.com\/index.php\/wp-json\/wp\/v2\/product"}],"about":[{"href":"https:\/\/zanettimuebles.com\/index.php\/wp-json\/wp\/v2\/types\/product"}],"replies":[{"embeddable":true,"href":"https:\/\/zanettimuebles.com\/index.php\/wp-json\/wp\/v2\/comments?post=3737"}],"wp:featuredmedia":[{"embeddable":true,"href":"https:\/\/zanettimuebles.com\/index.php\/wp-json\/wp\/v2\/media\/3738"}],"wp:attachment":[{"href":"https:\/\/zanettimuebles.com\/index.php\/wp-json\/wp\/v2\/media?parent=3737"}],"wp:term":[{"taxonomy":"product_cat","embeddable":true,"href":"https:\/\/zanettimuebles.com\/index.php\/wp-json\/wp\/v2\/product_cat?post=3737"},{"taxonomy":"product_tag","embeddable":true,"href":"https:\/\/zanettimuebles.com\/index.php\/wp-json\/wp\/v2\/product_tag?post=3737"}],"curies":[{"name":"wp","href":"https:\/\/api.w.org\/{rel}","templated":true}]}}

<p>SOFÁ SIRACUSA</p>
<p>Largo: 190cm</p>
<p>Alto: 82 cm</p>
<p>Fondo: 90 cm</p>
<p>Tapicería: Tela Lafayette, cuero natural, sintético</p>

<p>SOFÁ SIRACUSA Largo: 190cm Alto: 82 cm Fondo: 90 cm Tapicería: Tela Lafayette, cuero natural, sintético</p>
