{"id":3718,"date":"2023-12-03T15:19:11","date_gmt":"2023-12-03T20:19:11","guid":{"rendered":"https:\/\/zanettimuebles.com\/?post_type=product&#038;p=3718"},"modified":"2024-02-03T09:12:48","modified_gmt":"2024-02-03T14:12:48","slug":"vicenza","status":"publish","type":"product","link":"https:\/\/zanettimuebles.com\/index.php\/product\/vicenza\/","title":{"rendered":"VICENZA"},"content":{"rendered":"<p>SOF\u00c1 VICENZA<\/p>\n<p>Largo: 220cm<\/p>\n<p>Alto: 88 cm<\/p>\n<p>Fondo: 88 cm<\/p>\n<p>Tapicer\u00eda: Tela Lafayette, cuero natural, sint\u00e9tico<\/p>\n<p>3 puestos, 2.5 puestos, 2 puestos, 1 puesto poltrona<\/p>\n","protected":false},"excerpt":{"rendered":"<p>SOF\u00c1 VICENZA Largo: 220cm Alto: 88 cm Fondo: 88 cm Tapicer\u00eda: Tela Lafayette, cuero natural, sint\u00e9tico 3 puestos, 2.5 puestos, 2 puestos, 1 puesto poltrona<\/p>\n","protected":false},"featured_media":4056,"comment_status":"open","ping_status":"closed","template":"","meta":{"_joinchat":[]},"product_cat":[77],"product_tag":[68,83,78],"class_list":["post-3718","product","type-product","status-publish","has-post-thumbnail","hentry","product_cat-sofas","product_tag-cuero","product_tag-lafayette","product_tag-sofa"],"_links":{"self":[{"href":"https:\/\/zanettimuebles.com\/index.php\/wp-json\/wp\/v2\/product\/3718","targetHints":{"allow":["GET"]}}],"collection":[{"href":"https:\/\/zanettimuebles.com\/index.php\/wp-json\/wp\/v2\/product"}],"about":[{"href":"https:\/\/zanettimuebles.com\/index.php\/wp-json\/wp\/v2\/types\/product"}],"replies":[{"embeddable":true,"href":"https:\/\/zanettimuebles.com\/index.php\/wp-json\/wp\/v2\/comments?post=3718"}],"wp:featuredmedia":[{"embeddable":true,"href":"https:\/\/zanettimuebles.com\/index.php\/wp-json\/wp\/v2\/media\/4056"}],"wp:attachment":[{"href":"https:\/\/zanettimuebles.com\/index.php\/wp-json\/wp\/v2\/media?parent=3718"}],"wp:term":[{"taxonomy":"product_cat","embeddable":true,"href":"https:\/\/zanettimuebles.com\/index.php\/wp-json\/wp\/v2\/product_cat?post=3718"},{"taxonomy":"product_tag","embeddable":true,"href":"https:\/\/zanettimuebles.com\/index.php\/wp-json\/wp\/v2\/product_tag?post=3718"}],"curies":[{"name":"wp","href":"https:\/\/api.w.org\/{rel}","templated":true}]}}