{"id":3712,"date":"2023-12-03T15:13:30","date_gmt":"2023-12-03T20:13:30","guid":{"rendered":"https:\/\/zanettimuebles.com\/?post_type=product&#038;p=3712"},"modified":"2024-02-03T09:20:32","modified_gmt":"2024-02-03T14:20:32","slug":"bari","status":"publish","type":"product","link":"https:\/\/zanettimuebles.com\/index.php\/product\/bari\/","title":{"rendered":"BARI"},"content":{"rendered":"<p>SOF\u00c1 BARI<\/p>\n<p>Largo: 220cm<\/p>\n<p>Alto: 88 cm<\/p>\n<p>Fondo: 88 cm<\/p>\n<p>Tapicer\u00eda: Tela Lafayette, cuero natural, sint\u00e9tico<\/p>\n<p>3 puestos, 2.5 puestos, 2 puestos, 1 puesto poltrona<\/p>\n","protected":false},"excerpt":{"rendered":"<p>SOF\u00c1 BARI Largo: 220cm Alto: 88 cm Fondo: 88 cm Tapicer\u00eda: Tela Lafayette, cuero natural, sint\u00e9tico 3 puestos, 2.5 puestos, 2 puestos, 1 puesto poltrona<\/p>\n","protected":false},"featured_media":4060,"comment_status":"open","ping_status":"closed","template":"","meta":{"_joinchat":[]},"product_cat":[77],"product_tag":[68,83,78],"class_list":["post-3712","product","type-product","status-publish","has-post-thumbnail","hentry","product_cat-sofas","product_tag-cuero","product_tag-lafayette","product_tag-sofa"],"_links":{"self":[{"href":"https:\/\/zanettimuebles.com\/index.php\/wp-json\/wp\/v2\/product\/3712","targetHints":{"allow":["GET"]}}],"collection":[{"href":"https:\/\/zanettimuebles.com\/index.php\/wp-json\/wp\/v2\/product"}],"about":[{"href":"https:\/\/zanettimuebles.com\/index.php\/wp-json\/wp\/v2\/types\/product"}],"replies":[{"embeddable":true,"href":"https:\/\/zanettimuebles.com\/index.php\/wp-json\/wp\/v2\/comments?post=3712"}],"wp:featuredmedia":[{"embeddable":true,"href":"https:\/\/zanettimuebles.com\/index.php\/wp-json\/wp\/v2\/media\/4060"}],"wp:attachment":[{"href":"https:\/\/zanettimuebles.com\/index.php\/wp-json\/wp\/v2\/media?parent=3712"}],"wp:term":[{"taxonomy":"product_cat","embeddable":true,"href":"https:\/\/zanettimuebles.com\/index.php\/wp-json\/wp\/v2\/product_cat?post=3712"},{"taxonomy":"product_tag","embeddable":true,"href":"https:\/\/zanettimuebles.com\/index.php\/wp-json\/wp\/v2\/product_tag?post=3712"}],"curies":[{"name":"wp","href":"https:\/\/api.w.org\/{rel}","templated":true}]}}